Calculate the remainder when 3873 is divided by 313.
117
Calculate the remainder when 13437 is divided by 16.
13
Calculate the remainder when 3620 is divided by 362.
0
Calculate the remainder when 7699 is divided by 1277.
37
What is the remainder when 3585 is divided by 330?
285
Calculate the remainder when 686001 is divided by 12.
9
Calculate the remainder when 5541 is divided by 558.
519
What is the remainder when 70031 is divided by 122?
3
Calculate the remainder when 55331 is divided by 3.
2
Calculate the remainder when 43170 is divided by 21.
15
Calculate the remainder when 4649 is divided by 2305.
39
What is the remainder when 6025 is divided by 3004?
17
Calculate the remainder when 6551 is divided by 652.
31
What is the remainder when 4163 is divided by 831?
8
What is the remainder when 40473 is divided by 736?
729
Calculate the remainder when 74058 is divided by 24683.
9
What is the remainder when 3651 is divided by 19?
3
What is the remainder when 14648 is divided by 30?
8
What is the remainder when 17759 is divided by 33?
5
Calculate the remainder when 104452 is divided by 18.
16
What is the remainder when 11176 is divided by 41?
24
Calculate the remainder when 31734 is divided by 31697.
37
What is the remainder when 14791 is divided by 231?
7
Calculate the remainder when 262 is divided by 187.
75
What is the remainder when 1117 is divided by 316?
169
What is the remainder when 272382 is divided by 24760?
22
Calculate the remainder when 7163 is divided by 256.
251
What is the remainder when 24058 is divided by 32?
26
What is the remainder when 29429 is divided by 13?
10
Calculate the remainder when 1205 is divided by 736.
469
Calculate the remainder when 4678 is divided by 308.
58
Calculate the remainder when 910 is divided by 896.
14
What is the remainder when 1934 is divided by 140?
114
What is the remainder when 34562 is divided by 864?
2
Calculate the remainder when 298149 is divided by 72.
69
Calculate the remainder when 32736 is divided by 5454.
12
What is the remainder when 134723 is divided by 85?
83
What is the remainder when 122604 is divided by 513?
510
Calculate the remainder when 534523 is divided by 12.
7
What is the remainder when 44888 is divided by 644?
452
Calculate the remainder when 5818 is divided by 1643.
889
Calculate the remainder when 538932 is divided by 39.
30
Calculate the remainder when 1612 is divided by 1375.
237
Calculate the remainder when 66520 is divided by 117.
64
Calculate the remainder when 52984 is divided by 26361.
262
What is the remainder when 1852 is divided by 12?
4
Calculate the remainder when 72012 is divided by 10284.
24
Calculate the remainder when 2505 is divided by 593.
133
What is the remainder when 4611 is divided by 425?
361
Calculate the remainder when 108294 is divided by 1128.
6
What is the remainder when 367198 is divided by 408?
406
What is the remainder when 11684 is divided by 2330?
34
Calculate the remainder when 552 is divided by 494.
58
Calculate the remainder when 107059 is divided by 10.
9
Calculate the remainder when 130 is divided by 123.
7
Calculate the remainder when 24348 is divided by 243.
48
Calculate the remainder when 11499 is divided by 779.
593
What is the remainder when 11954 is divided by 853?
12
Calculate the remainder when 436057 is divided by 39.
37
Calculate the remainder when 7656 is divided by 33.
0
What is the remainder when 279 is divided by 91?
6
Calculate the remainder when 678 is divided by 169.
2
Calculate the remainder when 3802 is divided by 50.
2
What is the remainder when 330 is divided by 154?
22
Calculate the remainder when 3839 is divided by 257.
241
Calculate the remainder when 1227 is divided by 12.
3
What is the remainder when 577 is divided by 212?
153
Calculate the remainder when 33725 is divided by 716.
73
Calculate the remainder when 158 is divided by 143.
15
What is the remainder when 5014 is divided by 1051?
810
What is the remainder when 204644 is divided by 25579?
12
What is the remainder when 280779 is divided by 1777?
13
What is the remainder when 86938 is divided by 1553?
1523
What is the remainder when 11919 is divided by 261?
174
Calculate the remainder when 367019 is divided by 5319.
8
What is the remainder when 1235 is divided by 84?
59
Calculate the remainder when 809 is divided by 78.
29
Calculate the remainder when 2766 is divided by 2754.
12
What is the remainder when 26666 is divided by 8500?
1166
Calculate the remainder when 1466 is divided by 165.
146
Calculate the remainder when 178401 is divided by 59463.
12
What is the remainder when 1092660 is divided by 283?
280
What is the remainder when 90893 is divided by 94?
89
Calculate the remainder when 846 is divided by 410.
26
What is the remainder when 43174 is divided by 14?
12
What is the remainder when 20977 is divided by 53?
42
Calculate the remainder when 57133 is divided by 4.
1
Calculate the remainder when 10129 is divided by 3301.
226
What is the remainder when 48713 is divided by 175?
63
Calculate the remainder when 13670 is divided by 63.
62
Calculate the remainder when 101777 is divided by 33922.
11
What is the remainder when 1204 is divided by 582?
40
What is the remainder when 33255 is divided by 2557?
14
Calculate the remainder when 473961 is divided by 340.
1
What is the remainder when 3808 is divided by 1?
0
Calculate the remainder when 94122 is divided by 113.
106
What is the remainder when 33532 is divided by 44?
4
What is the remainder when 8580 is divided by 148?
144
What is the remainder when 42194 is divided by 13?
9
What is the remainder when 2582 is divided by 738?
368
What is the remainder when 992 is divided by 250?
242
Calculate the remainder when 4712 is divided by 214.
4
Calculate the remainder when 1399 is divided by 1379.
20
What is the remainder when 513 is divided by 5?
3
Calculate the remainder when 1785 is divided by 271.
159
Calculate the remainder when 39251 is divided by 232.
43
Calculate the remainder when 99090 is divided by 24.
18
What is the remainder when 339323 is divided by 13?
10
Calculate the remainder when 641559 is divided by 160386.
15
Calculate the remainder when 94480 is divided by 738.
16
Calculate the remainder when 31680 is divided by 3520.
0
Calculate the remainder when 162867 is divided by 54285.
12
What is the remainder when 2887180 is divided by 13?
10
What is the remainder when 110156 is divided by 27?
23
What is the remainder when 135465 is divided by 106?
103
Calculate the remainder when 2818 is divided by 119.
81
Calculate the remainder when 525523 is divided by 175.
173
Calculate the remainder when 53441 is divided by 51.
44
What is the remainder when 29810 is divided by 3725?
10
Calculate the remainder when 17612 is divided by 450.
62
Calculate the remainder when 45659 is divided by 20.
19
Calculate the remainder when 184044 is divided by 45.
39
What is the remainder when 1776 is divided by 885?
6
What is the remainder when 146622 is divided by 167?
163
What is the remainder when 11285 is divided by 123?
92
Calculate the remainder when 152 is divided by 148.
4
Calculate the remainder when 5705 is divided by 2614.
477
What is the remainder when 113422 is divided by 56707?
8
What is the remainder when 286718 is divided by 140?
138
What is the remainder when 4035 is divided by 38?
7
What is the remainder when 91655 is divided by 603?
602
What is the remainder when 1833 is divided by 1719?
114
Calculate the remainder when 1675945 is divided by 50.
45
Calculate the remainder when 258455 is divided by 979.
978
Calculate the remainder when 8280 is divided by 792.
360
Calculate the remainder when 232612 is divided by 566.
552
Calculate the remainder when 173736 is divided by 20.
16
Calculate the remainder when 4301 is divided by 313.
232
What is the remainder when 8349 is divided by 72?
69
Calculate the remainder when 3258687 is divided by 49.
40
What is the remainder when 41665 is divided by 69?
58
What is the remainder when 110079 is divided by 64?
63
Calculate the remainder when 19773 is divided by 6546.
135
What is the remainder when 15577 is divided by 75?
52
What is the remainder when 4835 is divided by 61?
16
Calculate the remainder when 494211 is divided by 42.
39
Calculate the remainder when 2444